ivative of 2*h**3 - h**2/2 - 8. What is the remainder when 9 is divided by j(1)?
4
Suppose 5*i + 5*o + 115 = 0, 2*o + 77 = -3*i - 3*o. Let d = -8 - i. Calculate the remainder when d is divided by 8.
3
Suppose -16*d + 11*d + 10 = 0. Let u(v) = v**3. Calculate the remainder when 30 is divided by u(d).
6
Let m = 83 - 79. Suppose -m*l - l + 940 = 0. Calculate the remainder when l is divided by 10.
8
Suppose -334*f = -341*f + 91. What is the remainder when f is divided by 1?
0
Let q be (-2)/(-9 + 4 - -7). What is the remainder when ((-80)/(-28))/(q + (-18)/(-14)) is divided by 2?
0
Let o(u) = 35*u**2 - 13*u - 2. Let s be o(5). Suppose w - 1 = -5, -4*x - 3*w + s = 0. What is the remainder when x is divided by 23?
21
Suppose 21*p - 355 = -3*a + 19*p, 118 = a + p. Calculate the remainder when a is divided by 30.
29
Suppose 2*i - 18 = -i. Calculate the remainder when (-2)/(-9) - (-80)/(-36) - -12 is divided by i.
4
Suppose -18*f - 25*f + 2451 = 0. Calculate the remainder when f is divided by 20.
17
Let d(x) = 12*x + 12. Let t be d(12). Suppose -t = -2*h + 3*f, -300 = -3*h - 3*f - 81. Calculate the remainder when h is divided by 19.
18
Suppose 0 = 3*k - 52 - 77. What is the remainder when 85 is divided by k?
42
Suppose 3*q = i + q - 11, 3*q = 5*i - 48. What is the remainder when 115 is divided by i?
7
Suppose x + 9*z - 104 = 4*z, -3*x + 4*z = -217. Calculate the remainder when 308 is divided by x.
71
Let y(p) = -p**3 + p + 8. Calculate the remainder when y(-5) is divided by 5.
3
Suppose 5*p - 2*g + 5 - 19 = 0, -6 = p + 4*g. Suppose -s = p*w - 0*s - 11, 0 = -4*w - 4*s + 24. Calculate the remainder when 19 is divided by w.
4
Let x(q) = -q - 7. Let y be x(-11). Suppose y*n = 8, 0 = -z - z - 2*n. What is the remainder when (-20)/15*27/z is divided by 11?
7
Suppose -6*h = 4*q - 416, 18 = -h - 2*h. Suppose 0*n - 38 = -n. Calculate the remainder when q is divided by n.
37
Suppose 3*p + 4*d + 9 = 4*p, -p - 5*d = 0. Suppose -11*j - 288 = -35*j. What is the remainder when j is divided by p?
2
Suppose 1 + 1 = z. Let s(h) be the third derivative of h**4/4 - h**3/6 - h**2. Calculate the remainder when 18 is divided by s(z).
7
Suppose 0*s - 5*g = 5*s + 5, 21 = -3*s + 3*g. Let m(l) = l**2 - 2*l - 6. Let w be m(8). Calculate the remainder when w/2 - (-2 - s) is divided by 7.
5
Let a(o) = 2*o**2 - 2*o - 81. What is the remainder when a(10) is divided by 37?
25
Suppose n - p - 21 = 0, 0*n = -2*n + p + 42. Calculate the remainder when n is divided by 12.
9
Let h = 4 - 1. Let l = 73 + -83. Calculate the remainder when (-128)/(-20) - 6/l is divided by h.
1
Suppose 3*n - 173 = -z - 6, 4*n = 2*z - 314. What is the remainder when z is divided by 27?
26
Suppose 0*x = -3*x + 15. Suppose 0 = -5*m + 5*q + 4 + 1, -3*m = -q - 7. What is the remainder when 14 + m/((-12)/8) is divided by x?
2
Let k = 114 + -110. Let q = 239 + -167. Suppose 3*b + 57 = k*t - q, -4*b - 102 = -3*t. Calculate the remainder when 58 is divided by t.
28
Let g(u) = -u**2 - 15*u + 14. What is the remainder when 345 is divided by g(-11)?
55
Let b be 15/(-6) + 2 + 33/6. Suppose 11*h - b*h = 120. What is the remainder when h is divided by 8?
4
Suppose 16*d + 5*r = 18*d - 418, d = -r + 223. Calculate the remainder when d is divided by 45.
39
Let m = 741 + -619. What is the remainder when m is divided by 6?
2
Suppose -50*b = -18*b - 5728. Calculate the remainder when b is divided by 26.
23
Let g(v) = v**3 + 8*v**2 - 2*v - 1. Let w be g(-8). Suppose -w = c - 2*c. Calculate the remainder when 56 is divided by c.
11
Suppose 0 = -4*t - 5*r + 88, 2*t + 7*r - 2*r = 54. What is the remainder when t is divided by (-12)/(1/(-2)*2)?
5
Let w = 950 + -932. What is the remainder when 139 is divided by w?
13
Let s = 23 + -52. Let t = s - -37. Let m = 26 + -14. What is the remainder when m is divided by t?
4
Let r(c) = -c**3 - 13*c**2 - c - 8. Let a be r(-13). Suppose a*z = 2*v - 28 - 2, 0 = 5*v + 5*z - 110. What is the remainder when 158 is divided by v?
18
Let t(b) = -7 - 7*b + 3 + 11*b - 11. Let x be t(9). What is the remainder when (108/x)/((-6)/(-63)) is divided by 11?
10
Suppose -7*t + 228 = 12*t. Suppose -5 = g - 1, 4*c - 4*g = -20. Calculate the remainder when 34 is divided by c/t*-3*8.
16
Let b(o) = 12*o**3 + 2*o**2 - o. Let g(p) = p**3 + 3*p**2 - 3*p + 5. Let c be g(-4). What is the remainder when b(c) is divided by -7*(2 - 6/2)?
6
What is the remainder when (1554/12)/7*2 is divided by 1/(1 + 36/(-39))?
11
Let q(s) = -2*s**3 - 5*s**2 - 2*s + 3. Let h be q(-3). What is the remainder when h - 4 - (-2 - 1) is divided by 1/6 + 295/30?
7
Let r = -165 - -200. What is the remainder when 120 is divided by r?
15
Let b be (-16)/(-3) + 1/(-3). Let l(c) = 3*c**2 - 16*c - 10. Let y be l(7). Suppose b*i = y - 5. Calculate the remainder when 15 is divided by i.
3
Let u(f) = -f**3 - 8*f**2 + 10*f - 3. Let k be u(-9). Let p = 0 - k. Let z = p + 16. Calculate the remainder when z is divided by 10.
8
Suppose -5*w = -q + 79 + 46, 4*q + 2*w = 412. What is the remainder when q is divided by 39?
27
Suppose 2*q = 13 + 57. What is the remainder when q is divided by 12?
11
Suppose 3*k - 73 = 5*f + 122, 5*f - 105 = -2*k. Calculate the remainder when k is divided by 32.
28
Suppose 17*g - 16*g = 70. Calculate the remainder when g is divided by 15.
10
Suppose 42*b - 56*b + 532 = 0. Calculate the remainder when 67 is divided by b.
29
Suppose 2*z = -v - 1 + 39, 0 = -3*z + 2*v + 57. Suppose -2*n - 3*l = l - 30, n = -4*l + z. What is the remainder when 21 is divided by n?
10
Let i(f) = f**2 - 3*f - 30. Let r be i(14). Suppose 0*j - 4*j = -r. Calculate the remainder when j is divided by 17.
14
Suppose 0*t - 3*t = -21. Suppose -4*v = -0*v + 32. Calculate the remainder when 16/(-3)*18/v is divided by t.
5
Let b(a) = 9 - 3*a + 7 - 5*a + 6*a. Let m be b(8). Suppose -3*v + 21 - 3 = m. What is the remainder when 21 is divided by v?
3
Suppose 53 = n - 0*n. Suppose 3*b - 4*m = -8*m + 34, -2*b - 4*m + 20 = 0. Calculate the remainder when n is divided by b.
11
Let c be (-2)/(1/4*-2) + -2. Suppose -k - 4*s - 61 = -4*k, k - c*s = 17. What is the remainder when k is divided by 10?
7
What is the remainder when 1263/(-9)*(-4 + 6 + -8) is divided by 13?
10
Let z = 102 + -69. What is the remainder when z is divided by (-14)/(-2)*(0 - 1)*-1?
5
Suppose -5*r - 39 = -134. Let m = 2 - 4. Let n = m - -6. Calculate the remainder when r is divided by n.
3
Suppose 2*j - 4*c + 9*c - 81 = 0, 5*j + 2*c = 213. Let w(b) = b**2 - 15*b + 53. What is the remainder when j is divided by w(12)?
9
Let f be (8/10)/((-2)/290). Let k = 216 + f. Suppose -2*l + 146 = l - 5*s, 0 = -2*l + 4*s + k. Calculate the remainder when l is divided by 15.
12
What is the remainder when 302 is divided by (10 - 9)*(20/2 + -2)?
6
Let n(b) = b**3 + 3*b**2 + 48. What is the remainder when n(0) is divided by 28?
20
Suppose -5*h + h + 100 = 0. Let o(p) = p + 10. Let r be 6 + -4 + 0 - -1. Calculate the remainder when h is divided by o(r).
12
Suppose j - 110 = 12*j. Let m = -12 + 26. Calculate the remainder when (-2)/j + (-4140)/(-50) is divided by m.
13
What is the remainder when (-1)/1 + 1 + 159 is divided by 32?
31
Let q be (9/(-6))/((-2)/4). Let s = 4 + q. Calculate the remainder when 18 is divided by s.
4
Let q = -11 + 25. Suppose 12*o - q*o + 92 = 0. What is the remainder when o is divided by 12?
10
Let z be (-8)/(-36) - (-38)/(-9). Let q be 5*(0 - 3 - z). Let x = q + 16. Calculate the remainder when 60 is divided by x.
18
Let l = -658 - -729. What is the remainder when l is divided by 28?
15
Let s = -33 - -50. What is the remainder when s is divided by ((-14)/(-12))/((-20)/(-120))?
3
Let t = 31 + -24. Let o(j) = -j**3 + 7*j**2 + 10*j - 2. Calculate the remainder when o(t) is divided by 23.
22
Let h(b) = -17*b - 494. Calculate the remainder when 108 is divided by h(-31).
9
What is the remainder when (-1713)/(-4 - 21/(-7)) is divided by 39?
36
Let o = 554 - 391. Let i = o + -112. What is the remainder when i is divided by 20?
11
Suppose -5*s + 369 = 9. Suppose -62*t + 66*t - s = 0. What is the remainder when t is divided by 8?
2
Let d(u) = 2*u**2 + 13*u + 11. Let f be d(-8). Let m be f/(-14)*2*1. Calculate the remainder when (m - (0 + -2))/(-1) is divided by 2.
1
Suppose 5*p + 4*n - 3*n + 92 = 0, 4*n - 50 = 2